**2 + 10*o - 8. Calculate q(11).
-19
Let a(q) = -q**3 + 5*q**2 - 2. Give a(4).
14
Let h(v) = -v**3 + v**2 - 4*v - 1. Determine h(0).
-1
Let j(t) = -t**3 + 8*t - 1. What is j(-3)?
2
Let a(d) = d + 9. Calculate a(-17).
-8
Let i(g) = -g**3 - 4*g**2 - 3*g - 13. Calculate i(-4).
-1
Let u(r) = r - 15. Calculate u(-6).
-21
Let q(i) = -2*i - 31. What is q(-6)?
-19
Let k(s) = 4*s**2 - 2*s - 6. Calculate k(2).
6
Let m(i) = -3*i + 5. Calculate m(6).
-13
Let t(l) = -l**3 - 4*l**2 + 2*l + 11. Give t(-3).
-4
Let u(c) = -2*c**2 - 5. Give u(7).
-103
Let w(t) = 8*t**2 + 3*t + 3. Give w(-2).
29
Let p(w) = -w - 23. Determine p(9).
-32
Let k(f) = 3*f**3 + 25*f**2 + 4*f - 15. Calculate k(-8).
17
Let k(j) = -j**3 - 2*j**2 + 5*j - 2. Give k(-4).
10
Let w(x) = x**2 - 11*x - 5. Determine w(5).
-35
Let q(g) = -3*g - 68. Calculate q(-19).
-11
Let n(d) = -2*d**3 + 24*d**2 + 27*d - 9. Give n(13).
4
Let w(a) = -a**2 - 14*a - 14. What is w(-12)?
10
Let k(h) = 9*h**3 + h**2 + 3*h - 5. What is k(1)?
8
Let i(p) = 2*p**3 - 15*p**2 - 11*p + 34. What is i(8)?
10
Let o(p) = 29*p**3 + p - 2. Determine o(1).
28
Let z(m) = -m**3 + 8*m**2 + m - 6. Give z(8).
2
Let t(w) = 6*w - 2. Determine t(1).
4
Let k(a) = a**3 + 27*a**2 + 73*a + 22. Calculate k(-24).
-2
Let c(x) = -x + 22. Calculate c(9).
13
Let g(d) = -d**3 + 2*d - 10. Give g(0).
-10
Let g(l) = -l**3 - 6*l**2 - 3*l - 10. Give g(-4).
-30
Let r(v) = -v**3 - 3*v**2 - 4*v + 3. Calculate r(-4).
35
Let f(n) = -2*n**3 + 3*n**2 + 2*n + 2. What is f(3)?
-19
Let v(c) = 12*c + 82. Give v(-6).
10
Let f(w) = w**3 + w**2 - 2*w + 1. Determine f(1).
1
Let a(n) = -2*n**2 - 12*n - 19. What is a(-8)?
-51
Let c(b) = -b**3 - 7*b**2 + 6*b. Determine c(-7).
-42
Let m(a) = 7*a + 32. Calculate m(-5).
-3
Let l(x) = 5*x - 25. What is l(4)?
-5
Let t(j) = j**2 - 8*j + 6. Determine t(5).
-9
Let r(y) = -2*y**3 + y**2 + y - 2. What is r(-2)?
16
Let b(d) = -d**2 + 7*d - 5. What is b(4)?
7
Let q(b) = 23*b + 1. What is q(-1)?
-22
Let v(z) = 18*z + 9. Determine v(-6).
-99
Let f(r) = -r + 7. Calculate f(5).
2
Let b(y) = y**2 - 22*y - 36. What is b(21)?
-57
Let u(t) = 18*t - 11. Determine u(1).
7
Let c(y) = -7*y + 86. What is c(24)?
-82
Let z(d) = -2*d**2 - 17*d - 27. Calculate z(-6).
3
Let i(n) = n**2 + 30*n - 146. Calculate i(-34).
-10
Let z(y) = y**3 - 12*y**2 - 11*y + 12. What is z(13)?
38
Let a(y) = -y**2 - 4*y + 146. What is a(10)?
6
Let x(c) = -2*c - 7. Determine x(9).
-25
Let s(y) = y**3 + 11*y**2 + 6*y - 16. Determine s(-9).
92
Let o(c) = 11*c + 28. What is o(-4)?
-16
Let z(q) = 2*q**3 - 20*q**2 + 21*q - 20. Calculate z(9).
7
Let w(c) = c**3 + 3*c**2 - 2*c + 2. Determine w(-4).
-6
Let r(i) = 40*i**2 + 4*i. Calculate r(1).
44
Let g(z) = z**2 + 8*z + 2. Calculate g(-5).
-13
Let t(i) = -i**3 + 6*i**2 + 9*i - 4. Give t(7).
10
Let k(d) = -d**3 + 8*d**2 + 13*d + 24. What is k(10)?
-46
Let m(k) = -8*k + 339. What is m(42)?
3
Let x(f) = -11*f + 106. Determine x(8).
18
Let i(l) = l**3 - 5*l**2 + 2*l - 7. Calculate i(5).
3
Let v(d) = -2*d**2 + 60*d + 58. Calculate v(31).
-4
Let s(b) = b**3 + 5*b**2 - 13*b + 8. Determine s(-6).
50
Let r(b) = -b**3 + 8*b**2 - 6*b + 1. Determine r(3).
28
Let g(i) = 6*i + 4. Give g(-4).
-20
Let g(s) = s**3 + 3*s**2 - 3*s - 4. Determine g(-3).
5
Let x(h) = -h - 25. Determine x(-16).
-9
Let c(w) = -13*w - 83. Give c(-8).
21
Let s(v) = -2*v**2 + 5*v - 2. Calculate s(3).
-5
Let r(p) = -p**3 + p**2 + 9*p - 12. Give r(6).
-138
Let r(t) = t**3 - 17*t**2 - 35*t - 25. Determine r(19).
32
Let v(l) = l**2 + 9*l + 6. Determine v(-10).
16
Let w(b) = b**3 + 4*b**2 - 18. Give w(-3).
-9
Let y(l) = -l**3 + 20*l**2 + 93*l + 66. Give y(24).
-6
Let h(q) = q**3 + 12*q**2 - 29*q - 18. What is h(-14)?
-4
Let a(u) = -u**2 + 9*u - 27. What is a(6)?
-9
Let k(p) = -p + 38. Calculate k(22).
16
Let s(n) = -37*n + 186. Determine s(5).
1
Let a(u) = -u**3 + 21*u**2 + u - 18. Calculate a(21).
3
Let t(g) = g**3 + 9*g**2 + 5*g - 5. Calculate t(-8).
19
Let z(d) = 26*d - 11. What is z(2)?
41
Let z(c) = -c**3 - 10*c**2 + 15*c + 36. What is z(-11)?
-8
Let v(w) = w**3 + 5*w**2 - 2*w + 1. Give v(-4).
25
Let w(i) = 4*i + 7. What is w(6)?
31
Let b(x) = x**3 + 11*x**2 + 6*x - 21. Determine b(-10).
19
Let o(y) = 9*y**2 + 3*y - 5. Determine o(4).
151
Let g(p) = -2*p**2 + 19*p + 9. Determine g(9).
18
Let l(h) = -h**2 - 12*h + 7. Give l(-11).
18
Let p(h) = -2*h**2 + 5. Give p(0).
5
Let z(h) = -h**2 + 21*h - 1. Calculate z(21).
-1
Let q(h) = h - 14. Calculate q(6).
-8
Let b(k) = -9*k + 64. Determine b(7).
1
Let y(f) = -4*f - 95. Give y(-22).
-7
Let k(o) = -4*o + 4. Calculate k(9).
-32
Let t(a) = -a**3 + 6*a**2 - 10*a + 7. Determine t(6).
-53
Let w(k) = -13*k + 2. Determine w(-1).
15
Let p(b) = -2*b**3 + 64*b**2 - 62*b. Give p(31).
0
Let w(d) = d**3 + 4*d**2 - d - 11. What is w(-3)?
1
Let m(n) = n**2 - 13*n - 67. Give m(16).
-19
Let b(u) = u + 17. Determine b(-19).
-2
Let i(m) = m**3 + 9*m**2 + 4*m - 26. Calculate i(-9).
-62
Let m(o) = 79*o**3 - 3*o**2 + 3*o - 1. What is m(1)?
78
Let w(i) = i**3 - 11*i**2 - i + 22. Calculate w(11).
11
Let f(h) = 2*h**2 + 48*h - 234. What is f(-28)?
-10
Let a(k) = 3*k + 4. Give a(-11).
-29
Let m(l) = 19*l - 23. Give m(8).
129
Let k(q) = -q**3 + 3*q**2 + 4*q - 1. What is k(4)?
-1
Let r(d) = d**2 + 3*d - 126. Give r(-12).
-18
Let p(c) = c**2 - 2*c - 5. Determine p(4).
3
Let q(b) = 8*b**2 - 4*b - 3. Determine q(-1).
9
Let h(q) = -2*q**2 - 7*q - 7. What is h(-5)?
-22
Let z(y) = -5*y + 85. Give z(9).
40
Let k(g) = -g**3 - 5*g**2 + 7*g + 10. Give k(-6).
4
Let y(u) = u**3 - 14*u**2 + 8*u + 60. Give y(13).
-5
Let n(v) = v**3 - 9*v**2 - 7*v - 12. Give n(10).
18
Let m(y) = -y**2 - 12*y + 1. Determine m(-13).
-12
Let j(q) = -q**2 + 14*q - 35. What is j(12)?
-11
Let q(d) = -d**2 + 4*d - 2. What is q(5)?
-7
Let w(t) = t**3 + 10*t**2 + 25*t - 5. Determine w(-4).
-9
Let r(v) = -48*v**2 - 1. Calculate r(-1).
-49
Let q(l) = l - 13. What is q(10)?
-3
Let s(f) = 4*f - 84. Calculate s(22).
4
Let c(y) = -y + 14. Calculate c(5).
9
Let k(i) = i**2 - 8*i - 40. Determine k(12).
8
Let k(i) = i**3 + 18*i**2 + 9*i + 163. Determine k(-18).
1
Let d(w) = w**3 + w**2 - 5*w - 3. Determine d(-3).
-6
Let m(j) = j**2 + 13*j + 8. Determine m(-11).
-14
Let d(r) = r**2 - 5*r + 10. Calculate d(5).
10
Let x(v) = 4*v**2 - 32*v + 40. Determine x(7).
12
Let u(q) = q**3 + 4*q**2 - 4*q - 6. Give u(-4).
10
Let a(x) = -x - 9. What is a(-9)?
0
Let y(i) = 3*i - 3. Calculate y(5).
12
Let h(m) = m**2 + 2*m + 1. Calculate h(0).
1
Let p(l) = -4*l - 9. Calculate p(9).
-45
Let i(p) = -2*p + 1. Determine i(-2).
5
Let l(k) = -14*k**2 - 8*k + 14. What is l(3)?
-136
Let b(w) = 2*w**2. What is b(-4)?
32
Let x(m) = -m**3 - 6*m**2 - m - 11. Give x(-6).
-5
Let l(q) = q**3 - 6*q**2 + 6*q - 6. Determine l(5).
-1
Let i(f) = -70*f**3 - 3*f + 2. Give i(1).
-71
Let i(b) = 3*b**2 + 147*b - 8. Calculate i(-49).
-8
Let m(i) = -5*i**2 + 3*i + 8. Give m(-2).
-18
Let o(l) = -l**3 - 29*l**2 - l - 24. Give o(-29).
5
Let h(y) = -y**3 - 9*y**2 + 3*y. Give h(-9).
-27
Let u(y) = -y**3 + 14*y**2 + 14*y + 16. Give u(15).
1
Let a(i) = -6*i + 4. What is a(5)?
-26
Let x(v) = v + 21. Determine x(-10).
11
Let j(a) = 5*a**3 - a**2 - 3*a + 1. Give j(1).
2
Let s(n) = -n**3 - n**2 + n - 35. What is s(0)?
-35
Let u(w) = -w**3 - 10*w**2 + w - 15. Give u(-10).
-25
Let k(l) = -l**3 - 6*l**2 + 4*l + 41. Calculate k(-5).
-4
Let v(j) = j**3 + 9*j**2 - j - 19. Calculate v(-9).
-10
Let j(c) = c**3 - 6*c**2 - 7*c + 2. Give j(7).
2
Let q(u) = 10*u**2 - u - 2. Give q(-2).
40
Let w(p) = 5*p - 51. Give w(11).
4
Let h(t) = -t**2 + 22*t + 74. Determine h(26).
-30
Let m(x) = x**3 - 6*x**2 - 3*x - 2. What is m(5)?
-42
Let l(b) = b**3 + 33*b**2 + 7. Calculate l(-33).
7
Let j(l) = 2*l**3 - 8*l**2 - 23*l. What is j(-3)?
-57
Let b(n) = 68*n**3 + n. Calculate b(1).
69
Let x(p) = -p**3 + 27*p**2 - 5*p + 142. Give x(27).
7
Let h(i) = -i**2 - 3*i - 2. Give h(-3).
-2
Let q(k) = -k + 11. Determine q(0).
11
Let n(y) = 3*y**3 - 3*y + 2. What is n(2)?
20
Let t(r) = -101*r + 7. Determine t(-1).
108
Let d(h) = -16*h - 10. Give d(-2).
22
Let o(j) = 2*j**3 - 10*j**2 - 12*j - 1. What is o(6)?
-1
Let l(b) = b**3 + 8*b**2 - 3*b + 12. Give l(-8).
36
Let l(c) = 6*c + 12. Give l(-8).
-36
Let w(s) = -s**2 - 2*s + 47. Give w(5).
12
Let j(y) = y**3 + 3*y**2 - 4*y - 8. Give j(-2).
4
Let